 p?
9
Let r(j) be the second derivative of 3*j**5/20 - 2*j**4/3 + 7*j**3/6 + 9*j**2/2 - 14*j. What is the units digit of r(4)?
1
Suppose 2*s - 8 = 0, -4*c + 4*s + 21454 + 2346 = 0. What is the thousands digit of c?
5
Suppose -5*f - 3*h = 9 - 12, -3*f + 4*h + 25 = 0. Suppose -f*m = -516 - 558. What is the hundreds digit of m?
3
Let c(s) = -3*s**2 + 4*s - 3. Let b be c(1). Let o(y) = 30*y**2 + 2*y + 7. What is the units digit of o(b)?
3
Let j(n) = -n - 3*n + 2 - n**2 + 4*n - 4*n. Let k be j(-5). What is the tens digit of k*(128/6)/(-4)?
1
Suppose 0 = 3*r - 99 + 87. Suppose -5*a + u = -0*a - 150, 4*u = -r*a + 120. What is the tens digit of a?
3
Let f(x) = -112*x**3 - 204*x**2 - 1287*x + 6. What is the ten thousands digit of f(-7)?
3
Let a = -3528 - -3530. Let u(j) = 52*j**2 + 3*j - 7. Let g(f) = -f**2 + f. Let x(q) = 5*g(q) + u(q). What is the tens digit of x(a)?
9
Let g = 27518 - -27428. What is the hundreds digit of g?
9
Suppose 3*c - 9822 + 239 = -5*a, -a = 3*c - 9599. What is the units digit of c?
1
Let q = 42 + -31. What is the units digit of 895 - -2*(q - 8)?
1
Suppose l + 105 + 58 = 4*b, -3*l - 69 = -2*b. Suppose 10*s = 31*s - b. What is the tens digit of 282 + 16/(-8)*s/4?
8
Suppose 0 = 3*m - 4*g + 2*g + 4, m + 2 = g. Suppose 2*i - 4*a - 474 = m, -2*a = 2*i - 5*a - 471. What is the hundreds digit of i?
2
Suppose -85*f + 92*f = 70. What is the tens digit of -11 + 798/70 + 13026/f?
0
Let p be (2 + -2)*(3/4)/3. Suppose 4*r - 2*a + 6622 = -p*a, 5*r - 3*a + 8277 = 0. What is the units digit of r/(-14) - ((-24)/21)/(-4)?
8
Let m(o) = -o**3 + 12*o**2 - 6*o + 9. Let t = -25 + 40. Let g be (t/4)/(3/8). What is the tens digit of m(g)?
4
Let w(t) = -83*t + 39. Let v(p) = p**3 - 16*p - 4. Let n be v(-4). What is the units digit of w(n)?
1
Let g(n) = -93*n**2 - 2 - 32*n - 2*n**3 + 54*n**2 + 55*n**2 + 3*n**3. What is the tens digit of g(-7)?
6
Let a = -156 + 349. Suppose 0 = 5*o + 5, 0 = -6*b + 2*b - o - a. What is the units digit of (b/15*1)/((-1)/50)?
0
What is the tens digit of ((-190914)/(-705))/(4/90)?
9
Suppose 3*k - 4329 = -2*k + 25851. What is the thousands digit of k?
6
Let a(d) = -d**3 + 7*d**2 - 5*d - 4. Let p be a(3). Let w(f) = -f**2 + 15*f + 32. Let q be w(p). What is the units digit of q/8 + 10/8?
1
Let j = -20527 - -36073. What is the ten thousands digit of j?
1
Let m(v) = v**3 - 14*v**2 + 4*v + 2. Let z = 52 - 30. Suppose z*n + 84 = 28*n. What is the tens digit of m(n)?
5
Suppose 2*g - x - 33818 = 0, 6*g - 8*x - 101412 = -12*x. What is the hundreds digit of g?
9
Let n be 2/(-6)*(0 + -12). Let h be (5 - n - -3) + 0. Suppose j + 3*l - 109 = -0*j, -h*l = j - 104. What is the units digit of j?
4
Let a be 1 + 0 + 1*-1. Let p(t) = 19*t - 1394. Let b be p(77). Suppose x + 4*o + 29 - 70 = a, -4*x + b = -3*o. What is the tens digit of x?
2
Let r = -6394 - -10259. What is the hundreds digit of r?
8
Suppose 0 = -1088*i + 1043*i + 73845. What is the units digit of i?
1
Let d(x) = -x**3 - x**2 + 3*x - 4. Suppose -5*r + v - 120 = -4*v, 3*r - 2*v = -76. Let j = r - -24. What is the units digit of d(j)?
2
Let v = 45688 - 25973. What is the hundreds digit of v?
7
Let i(u) = -2*u + 150. Let s be i(26). Let v = s - -233. What is the tens digit of v?
3
Let x(h) = -2*h**3 - 60. Let b be x(0). Let m be (3/4)/((-3)/b). Suppose m = p - 3*z, -7*p + 3*p = -z - 82. What is the units digit of p?
1
Let h(t) = t**3 - 5*t**2 + 14*t + 2. Let b = -51 - -45. Let u be (0 + 5)*1*b/(-5). What is the hundreds digit of h(u)?
1
Suppose -40*p + 4*p = -17*p - 524552. What is the units digit of p?
8
Suppose -8*p - 34 + 234 = 0. What is the hundreds digit of p/(-125) - (-2433)/15?
1
Suppose -5*t - z = -6*z - 90, t - 4*z - 9 = 0. Suppose -1902 = -3*h + 2*d, d - 3183 = -t*h + 16*h. What is the tens digit of h?
3
Let h(r) = -18*r**3 - 27*r**2 - 15*r - 137. What is the tens digit of h(-12)?
5
Let c = 8177 + -2902. What is the hundreds digit of c?
2
Let q(l) = 35*l**2 + 202*l + 122. What is the units digit of q(-39)?
9
Suppose 5*i + 17*c + 6 = 19*c, -12 = -3*i - 4*c. Suppose -5*n + 2975 = -q, i = -4*n + 5*q + 852 + 1549. What is the hundreds digit of n?
5
Let q(m) = -25*m + 3. Let p be q(-5). Let i = 578 - p. What is the tens digit of i?
5
Let y(f) = f**2 - 5*f + 9. Let m be y(6). Suppose 10*u - m*u - 2205 = 0. Let k = -185 - u. What is the units digit of k?
6
Let q = -21 - -24. Suppose 8*f = q*f - 240. Let v = 145 + f. What is the units digit of v?
7
Suppose 0 = g - 5*g - g. Suppose 0*l + l - 641 = g. Suppose -z + 139 = -5*v, 3*z - 2*v + l = 8*z. What is the hundreds digit of z?
1
Let k be (-3 - 1)/((-52)/39). Suppose -4*q + 55 = -0*i + k*i, -2*q + 24 = -2*i. What is the units digit of q?
3
Suppose -5*s + 1489 = 4*g, -5*g + 3*s + 1856 = 4*s. Suppose -135 = -2*m + g. What is the tens digit of m?
5
Let x(y) = -y**2 + 11*y - 19. Let t = -39 + 44. Let w be x(t). Suppose -3*i + 2632 = w*i. What is the units digit of i?
8
Suppose -2*g + 6 = -5*g. Let o be -4 - (g + -6) - 3. What is the tens digit of o/((-3)/(-153)) - 3?
4
Let q(y) = -y**2 - 4*y - 6. Let k(i) = i - 2. Let u(o) = 2*k(o) - q(o). What is the tens digit of u(21)?
6
Let o(w) = -w**3 + 12*w**2 + 29*w + 13. Let i be o(14). Suppose -84 = -3*q + 3*j, 5*q + 3*j - 130 = -2*j. Suppose -i = -k + q. What is the tens digit of k?
5
Suppose -3382150 + 2082332 = -214*a + 9747718. What is the hundreds digit of a?
6
Let x = 55 + -39. Suppose -7*c - 5*d - 53 = -3*c, c - d + 2 = 0. Let b = x - c. What is the tens digit of b?
2
Suppose 3*c - 3*d - 87099 = 0, -2*c + 40098 = d - 17959. What is the units digit of c?
0
Let m(a) = 2*a**3 - 4*a**2 + 3*a - 3. Let o be m(3). Let b = o - 19. Suppose -50 = b*p - 190. What is the units digit of p?
8
Suppose 2*t = -i + 3856, 4*i + 7744 = 3*t + 1982. Suppose -6*l = -4*l - t. Suppose 0*p + 4*p + w = l, 5*w = -5. What is the tens digit of p?
4
Let s(g) = 17*g - 62. Let b be s(30). Let w = b + -125. What is the units digit of w?
3
What is the thousands digit of 136/(-17) + 6659/1?
6
Let h = 213 - 209. What is the thousands digit of 3 + 2 + 7992/h?
2
Suppose 0*b - 4*b = 2*l - 198, -5*b + 4*l = -280. Let v(j) = j**3 + 23*j**2 + 40*j - 45. Let k be v(-21). Let f = b - k. What is the units digit of f?
5
Suppose -1665721 - 7208855 = -216*i. What is the ten thousands digit of i?
4
Suppose -2*z + w - 3 = 0, -3*z + 3*w = 2*w + 5. What is the tens digit of z*(-3)/(-18)*-282?
9
Suppose 8 = -32*f + 30*f. What is the units digit of f/(-6)*(-162)/(-12)?
9
Let y be 18/36*(628 - 4/2). Suppose y = 5*k + 3. What is the units digit of k?
2
What is the thousands digit of (-120)/48*(6 - 3368)?
8
Suppose 14*a = -5*x + 19*a + 44195, a + 35371 = 4*x. What is the hundreds digit of x?
8
Suppose 5*h = 3*a - 21, 10*a - 3*h - 19 = 5*a. Let x(c) be the third derivative of 3*c**6/40 + c**5/60 - 53*c**2 - 7*c. What is the tens digit of x(a)?
7
Let r(h) = 6*h**2 + 10*h - 1. Let z(f) = -f**2 - f + 1. Let u(n) = r(n) + 5*z(n). Let d be u(-6). Suppose -56 = 3*s - d*s. What is the units digit of s?
8
Let l = 15160 - 6098. What is the thousands digit of l?
9
Let c = 9 + -4. Suppose -3*s + 1999 = -3*w - 1109, 5186 = c*s + w. What is the hundreds digit of s?
0
What is the hundreds digit of (-19)/(190/46590)*-1?
6
Let w = -202 + 204. Suppose -1800 = -2*d - 2*o, 0 = w*o + 5 + 3. What is the tens digit of d?
0
Let l = 50 + 123. Suppose -176 + l = -3*h. What is the units digit of (-150 + -8)/(-2*h/1)?
9
Suppose 4*v - 2*q + 396 = 0, -3*v - 277 = 4*q - 2. Let a = v + 90. What is the hundreds digit of (a - -11) + (-155)/(-1)?
1
What is the tens digit of 1442*141/54 + 98/(-441)?
6
Let b = -10368 - -40239. What is the hundreds digit of b?
8
Suppose -4*o + 296 = -4*k, -3*k - 219 = -0*k - 4*o. What is the tens digit of (-660)/k*(-70)/(-4)?
5
Suppose -f + 24 = 4*y, -y + 62 = 2*f - 0*y. Let l = -28 + f. Suppose -2*h - l*s + 123 = -h, 0 = 4*h - 3*s - 397. What is the hundreds digit of h?
1
Let w(t) = 2*t**3 - 4*t**2 + 9*t - 24. Let s be w(4). Suppose s*j = 75*j + 115. What is the tens digit of j?
1
Let y be -7*(16/(-120) - (-2)/(-210)). Let i(w) be the first derivative of 15*w**4/2 - w**3/3 + w**2/2 + 1. What is the tens digit of i(y)?
3
Suppose -20 = -3*o - 2*b, b + b + 22 = 4*o. Suppose o*i - 350 - 1204 = 0. What is the units digit of ((-14)/49)/((-1)/i)?
